{"id":27,"date":"2025-10-28T15:40:06","date_gmt":"2025-10-28T15:40:06","guid":{"rendered":"https:\/\/opendoors-openminds.put.poznan.pl\/?page_id=27"},"modified":"2025-10-28T15:40:06","modified_gmt":"2025-10-28T15:40:06","slug":"zadanie-2-szkolenia-dla-pracownikow-w-zakresie-komunikacji-miedzykulturowej-i-jezykowej","status":"publish","type":"page","link":"https:\/\/opendoors-openminds.put.poznan.pl\/?page_id=27","title":{"rendered":"Zadanie 2 &#8211; Szkolenia dla pracownik\u00f3w w zakresie komunikacji mi\u0119dzykulturowej i j\u0119zykowej"},"content":{"rendered":"\n<p>W ramach zadania zorganizowany zostanie cykl szkole\u0144 skierowanych do pracownik\u00f3w uczelni, kt\u00f3rzy na co dzie\u0144 maj\u0105 kontakt ze spo\u0142eczno\u015bci\u0105 mi\u0119dzynarodow\u0105. Szkolenia obejm\u0105 \u0142\u0105cznie oko\u0142o 80 uczestnik\u00f3w i zostan\u0105 przeprowadzone przez do\u015bwiadczonych trener\u00f3w w obszarze komunikacji mi\u0119dzykulturowej i r\u00f3\u017cnorodno\u015bci.<\/p>\n\n\n\n<p>Zaj\u0119cia b\u0119d\u0105 mia\u0142y form\u0119 warsztatow\u0105, opart\u0105 na praktycznych przyk\u0142adach i scenkach sytuacyjnych. Poruszone zostan\u0105 m.in. tematy:<\/p>\n\n\n\n<ul class=\"wp-block-list\">\n<li>r\u00f3\u017cnice kulturowe w komunikacji i zachowaniach,<\/li>\n\n\n\n<li>rozwi\u0105zywanie konflikt\u00f3w kulturowych,<\/li>\n\n\n\n<li>j\u0119zyk inkluzywny w obs\u0142udze administracyjnej,<\/li>\n\n\n\n<li>przeciwdzia\u0142anie dyskryminacji i stereotypom,<\/li>\n\n\n\n<li>obs\u0142uga student\u00f3w w sytuacjach nietypowych i problemowych.<\/li>\n<\/ul>\n\n\n\n<p>Dodatkowo, pracownicy dom\u00f3w studenckich wezm\u0105 udzia\u0142 w zaj\u0119ciach po\u015bwi\u0119conych praktycznym aspektom komunikacji z cudzoziemcami oraz narz\u0119dziom wspomagaj\u0105cym wsp\u00f3\u0142prac\u0119, w tym wykorzystaniu translator\u00f3w elektronicznych.<\/p>\n\n\n\n<p>Rezultaty:<\/p>\n\n\n\n<ul class=\"wp-block-list\">\n<li>przeszkolenie minimum 80 pracownik\u00f3w;<\/li>\n\n\n\n<li>wzrost \u015bwiadomo\u015bci i kompetencji mi\u0119dzykulturowych w\u015br\u00f3d kadry PP;<\/li>\n\n\n\n<li>poprawa jako\u015bci obs\u0142ugi student\u00f3w zagranicznych;<\/li>\n\n\n\n<li>zmniejszenie liczby konflikt\u00f3w wynikaj\u0105cych z barier komunikacyjnych.<\/li>\n<\/ul>\n","protected":false},"excerpt":{"rendered":"<p>W ramach zadania zorganizowany zostanie cykl szkole\u0144 skierowanych do pracownik\u00f3w uczelni, kt\u00f3rzy na co dzie\u0144 maj\u0105 kontakt ze spo\u0142eczno\u015bci\u0105 mi\u0119dzynarodow\u0105. Szkolenia obejm\u0105 \u0142\u0105cznie oko\u0142o 80 uczestnik\u00f3w i zostan\u0105 przeprowadzone przez do\u015bwiadczonych trener\u00f3w w obszarze komunikacji mi\u0119dzykulturowej i r\u00f3\u017cnorodno\u015bci. Zaj\u0119cia b\u0119d\u0105 mia\u0142y form\u0119 warsztatow\u0105, opart\u0105 na praktycznych przyk\u0142adach i scenkach sytuacyjnych. Poruszone zostan\u0105 m.in. tematy: Dodatkowo, [&hellip;]<\/p>\n","protected":false},"author":1,"featured_media":0,"parent":0,"menu_order":0,"comment_status":"closed","ping_status":"closed","template":"","meta":{"footnotes":""},"class_list":["post-27","page","type-page","status-publish","hentry"],"_links":{"self":[{"href":"https:\/\/opendoors-openminds.put.poznan.pl\/index.php?rest_route=\/wp\/v2\/pages\/27","targetHints":{"allow":["GET"]}}],"collection":[{"href":"https:\/\/opendoors-openminds.put.poznan.pl\/index.php?rest_route=\/wp\/v2\/pages"}],"about":[{"href":"https:\/\/opendoors-openminds.put.poznan.pl\/index.php?rest_route=\/wp\/v2\/types\/page"}],"author":[{"embeddable":true,"href":"https:\/\/opendoors-openminds.put.poznan.pl\/index.php?rest_route=\/wp\/v2\/users\/1"}],"replies":[{"embeddable":true,"href":"https:\/\/opendoors-openminds.put.poznan.pl\/index.php?rest_route=%2Fwp%2Fv2%2Fcomments&post=27"}],"version-history":[{"count":1,"href":"https:\/\/opendoors-openminds.put.poznan.pl\/index.php?rest_route=\/wp\/v2\/pages\/27\/revisions"}],"predecessor-version":[{"id":28,"href":"https:\/\/opendoors-openminds.put.poznan.pl\/index.php?rest_route=\/wp\/v2\/pages\/27\/revisions\/28"}],"wp:attachment":[{"href":"https:\/\/opendoors-openminds.put.poznan.pl\/index.php?rest_route=%2Fwp%2Fv2%2Fmedia&parent=27"}],"curies":[{"name":"wp","href":"https:\/\/api.w.org\/{rel}","templated":true}]}}